 5*r**3. Let v be m(0). What is d(v)?
-2
Let p(m) = -m - 3*m - 6 + 2*m. Let j(b) = -2*b - 5. Let u(q) = 4*j(q) - 5*p(q). What is u(-7)?
-4
Let l = -5 - -4. Let j(t) be the first derivative of -t**3/3 - t**2 - t + 3. Calculate j(l).
0
Let i(t) = -7 - 1 + 7*t - 6*t**2 + 1 + t**3. Let r = 9 + -4. Determine i(r).
3
Let u(x) = -9*x + 1. Let n = 33 + -34. Give u(n).
10
Let h(o) be the first derivative of 5*o**3/6 - o**2/2 - 2*o + 1. Let t(c) be the first derivative of h(c). Determine t(1).
4
Let z be -4 - (4 - 8) - (4 + -2). Let k(o) = o**3 - 4*o - 3. Determine k(z).
-3
Let z(j) = -j**2 - 2*j + 1. Let b(q) = -q + 3. Let i(g) = 2*g. Suppose 24 = 3*h - 3*k, k + 0*k - 10 = -5*h. Let w be i(h). Let r be b(w). What is z(r)?
-2
Suppose v - 3*v - 33 = -5*c, -4 = -c + 3*v. Suppose -20 = -c*g + 2*g. Suppose -3*b = -15, 2*q + b - g = 3. Let d(h) = 3*h**2 - h + 1. What is d(q)?
3
Let o(j) = 8*j - 3. Let x(k) = -k. Let s(c) = o(c) + 6*x(c). Calculate s(6).
9
Let l(x) = 4*x**3 + 4*x + 5. Let z(t) = -t**3 - t - 1. Let o(b) = -2*l(b) - 9*z(b). Suppose -5*y = 4*i - 18, 0*i + 4*y - 2 = 3*i. Suppose -v = -i*v. Give o(v).
-1
Let i(z) = -z + 1. Let a(x) = -4*x + 8. Let y be a(3). Determine i(y).
5
Suppose 8*d - 3*w = 3*d, 0 = 3*d - w - 4. Let q(i) = -1 - i**d - i**3 - i**2 + 2 - 2*i + 5*i. Give q(-2).
7
Let s(t) be the third derivative of t**5/20 - t**3/6 + 2*t**2. Suppose 0 = 3*w - 0*w. Suppose w*o - 2*o = -2. Calculate s(o).
2
Let d(s) be the first derivative of s**3/3 + 2*s**2 + 3*s + 1. Suppose -q - 7 = 10. Let o = q + 14. Calculate d(o).
0
Suppose -3*h + 2 - 9 = -k, 2*h - 6 = -2*k. Let s(v) = 2 - 7*v**2 - v - 1 + 6*v - 3*v. Give s(h).
-8
Let q(h) = 2*h + 2. Let b(v) = -v**3 + 11*v**2 - v + 4. Let k be b(11). Give q(k).
-12
Let w = 2 + 1. Let f(q) = 2*q**3 + 4*q**2 - 1. Let a(h) = -3*h**3 - 8*h**2 + 3. Let p(k) = w*a(k) + 5*f(k). Let v = -7 + 11. What is p(v)?
4
Let a(t) = -t + 7. Let v be a(-5). Suppose 2*r + 20 = -3*j, -5*j = -0*r - 2*r + v. Let x(k) = k**2 + 5*k + 2. What is x(r)?
-2
Suppose -3*x = 2*t + 2, 0*x = -x + 4*t - 24. Let w be (-8)/(-14)*(-14)/x. Let h(b) = 2*b**3 - 3*b**3 + 4*b + 2*b**w + 3 - 5*b**2. Calculate h(-3).
-9
Let a(b) = -11 + b - 2*b**2 + 3*b**2 + 12. Let k(u) = u**2 + 2*u - 19. Let f be k(-5). What is a(f)?
13
Let s(p) be the third derivative of p**5/30 - p**4/24 - p**3/6 - 3*p**2. Calculate s(2).
5
Let z(k) = 8*k**2. Let g = -15 - -16. Calculate z(g).
8
Let r(i) be the third derivative of -i**4/24 - i**3/6 - 3*i**2. What is r(-3)?
2
Let b(d) = -2*d + 8. Suppose j - 3*z - 17 = 0, 0 = j - 4*z - 7 - 13. Determine b(j).
-8
Let y(v) be the third derivative of v**4/8 - v**3/3 - 27*v**2. What is y(-3)?
-11
Let b(f) = f**3 - 2*f**2 - 2*f - 1. Let y be b(-1). Let k = 6 + y. Let i(u) = -2*u - u**2 - k*u - 1 + u. Determine i(-2).
5
Let n(k) be the second derivative of k**3/6 - 23*k. Let l(p) = p**3 + 3*p**2 - 6*p - 6. Let v(f) = -f - 1. Let j be v(3). Let w be l(j). Calculate n(w).
2
Let f(m) be the third derivative of -1/2*m**3 + 1/24*m**4 + 0 + 0*m - 4*m**2. Calculate f(4).
1
Let v(u) = 5*u + u - 3*u - 2*u + 5. Give v(5).
10
Let z(j) be the third derivative of j**5/20 + j**4/24 + 3*j**2. Suppose -2 = -5*h + r + 3, r + 4 = 4*h. Determine z(h).
4
Let o(x) = -3*x - 36. Let k be o(-13). Let p(a) be the third derivative of -1/24*a**4 + 0 + 0*a - a**2 + 1/6*a**k. Calculate p(-3).
4
Let q(k) be the first derivative of 1/12*k**4 + k**2 + 3*k + 3 - 2/3*k**3. Let i(j) be the first derivative of q(j). Give i(3).
-1
Let m = 16 + -18. Let l(a) = 4*a + 1. Determine l(m).
-7
Suppose -2*z + 27 = -u + 2*z, -4*z + 38 = -2*u. Let l = u + 4. Let k(b) = b**2 + 7*b - 3. What is k(l)?
-3
Let h(v) be the third derivative of -1/24*v**5 + 0*v + 1/3*v**3 - 1/8*v**4 + 0 - 1/180*v**6 + v**2. Let r(q) be the first derivative of h(q). Determine r(-3).
-6
Suppose 0 = 3*k - 5*w - 2, -2*w + 4 = -6*w. Let f(j) = 9*j**3 + j**2 - j - 1. Give f(k).
-8
Let h(s) = -2*s**3 - s**2 + 1. Let t be h(-1). Let q(d) = 4*d + d - d**t - 7 + 4. Suppose 7*r - 2*r + 2 = -2*c, -5*c + r + 22 = 0. Give q(c).
1
Suppose -3*j - j - 3*l = -3, 3*j + 3 = -4*l. Suppose -2*k + 1 + j = 0. Let u be k - (0 - -3)/3. Let d(o) = -5*o + 1. Give d(u).
-4
Let v(h) = 0*h**2 - 2*h**2 + 1 + 8*h - 6*h. Give v(-2).
-11
Let z(i) = -5*i**3 - 4. Let r(c) = 11*c**3 + 9. Let o(y) = -3*r(y) - 7*z(y). What is o(-1)?
-1
Let b(m) = -2 + 3 - 6*m + 0*m**3 - 7*m**2 - m**3. Let o be b(-6). Let t(w) be the third derivative of 5*w**4/24 + w**2. Give t(o).
5
Let p(i) = 3*i**2 + i + 1. Let f = 8 + -6. Suppose -7*h + f*h = -5. Let c be h - (1 + 1/1). Determine p(c).
3
Let o(n) be the first derivative of -n**3/3 + 3*n**2 - 5*n + 8. Determine o(4).
3
Let r(n) = -14*n**2 + 6*n - 5. Suppose 2 = 4*d - 22. Let m(b) = -29*b**2 + 13*b - 11. Let t(l) = d*m(l) - 13*r(l). Suppose x - 1 = 2*x. What is t(x)?
7
Let g(k) = -k**3 + 6*k**2 - 5*k + 5. Let x(v) = -v**3 + 9*v**2 + 12*v - 15. Let z be x(10). Give g(z).
5
Let r = 3 + -1. Let q be r + (1 - 1) - 0. Suppose -y = -q*y. Let j(p) = -p**3 - p + 7. Calculate j(y).
7
Suppose -2*z = 3 - 1, -4*z + 4 = 4*m. Let p(a) = -3*a**2 + 3*a - 5. Let j(w) = -2*w**2 + 2*w - 3. Let x(h) = -7*j(h) + 4*p(h). Give x(m).
5
Let b(a) be the first derivative of -2 - 2*a + 7/2*a**2 + 1/3*a**3. What is b(-6)?
-8
Suppose 2 = j - 2. Suppose j*v - 2 = 3*v. Let q(h) = -4*h**v + 0*h**2 - 2*h**2 - 7 + 6*h + h**3. Calculate q(5).
-2
Let l be 1/(-2)*14*1. Let b = 3 + l. Let h(m) = 3*m**2 + 4*m**3 - 9*m + 5*m - 3*m**3 - 2. Give h(b).
-2
Let m(q) = q**2 - 4*q + 4. Let l(y) = -y**3 - y**2 - y + 3. Let t be l(0). What is m(t)?
1
Let a(i) = 4*i. Let m(d) = 3*d. Let g(c) = 5*a(c) - 6*m(c). Determine g(-3).
-6
Let l(s) = -s**3 - 5*s**2 + 7*s + 8. Let w be l(-6). Let a be (w/(-4))/((-3)/18). Let y(o) = -o**2 + o - 1. Calculate y(a).
-7
Let r(m) = 1. Let g = 11 - 6. Let y(s) = -s**2 + 4*s + 7. Let n(i) = g*r(i) - y(i). Calculate n(5).
3
Let n(w) = -w**2 + w + 3. Let u = 6 - 3. Let d be n(u). Let b(s) be the second derivative of s**5/20 + s**4/4 - s**3/3 - 7*s. Give b(d).
6
Let f(z) be the third derivative of 0*z**3 + 0 + 0*z + 1/12*z**5 - 1/24*z**4 - 2*z**2. What is f(1)?
4
Let j(a) be the third derivative of 5/3*a**3 + 8*a**2 + 0 - 1/60*a**5 - 5/24*a**4 + 0*a. Give j(-7).
-4
Let b(i) = -2*i**2 + 5*i - 2. Let p(f) = -2 - 1 + f**2 + 8 - 2 - 11*f. Let q be p(11). Give b(q).
-5
Let p = 1 + -2. Let b(w) = -4*w**2 - 6*w + 2. Let x(k) = -5*k**2 - 7*k + 3. Let h(z) = -4*b(z) + 3*x(z). Determine h(p).
-1
Let q = -15 + 13. Let x(h) = -5*h - 3. Let o(p) = p + 1. Let v(y) = 2*o(y) + x(y). Give v(q).
5
Let n(h) = h**2 - 3*h - 9. Let f = 12 + -5. What is n(f)?
19
Let d = 11 + -9. Let n(v) = 3 + 6*v - d*v - 3*v. Let o(m) = -3*m + 1. Let z be o(-1). Give n(z).
7
Let h(r) = r**2 + 8*r + 3. Let a be h(-8). Let w(v) = 2 + 0*v**a - 4*v**2 - 2*v - 3*v**3 + 0*v**2 + v**3. What is w(-2)?
6
Let o = 123 + -120. Let f(v) = 3*v**2 - v - 4. Give f(o).
20
Suppose t - 4 = -1. Let j(k) = -1 - k + 2 + 1. Give j(t).
-1
Let m(l) = -3*l + 1. Let o(v) = v. Let d(k) = 4*m(k) + 11*o(k). Suppose 0*b - 12 = 3*b. Let u = -1 - b. Give d(u).
1
Let x(o) = o**2 - o. Let a(m) = -3*m**2 - m + 1. Let l(w) = a(w) + 2*x(w). Calculate l(-4).
-3
Suppose 20 = -14*s + 4*s. Let z(m) = m**2 + 3*m + 1. What is z(s)?
-1
Suppose -5*y = -25, -4*f + 3*y - 5 = f. Let g = f - -2. Suppose 0 = -g*a - 0*a + 12. Let z(n) = -n**3 + 4*n**2 - n. Determine z(a).
6
Let a(d) be the second derivative of -d**4/12 + d**3/3 - d**2/2 - 5*d. Suppose 3*h + 2*z = 7*z - 4, -6 = -4*h + z. Give a(h).
-1
Let c(i) = -2*i**3 + 3*i**2 - 2*i + 2. Let n be (-72)/(-42) - (-10)/35. Calculate c(n).
-6
Let z = -3 + 8. Let t(l) = -7*l**3 - l**2 - 9*l. Let f(d) = d**3 + d**2 + d + 1. Let y(v) = 6*f(v) + t(v). Give y(z).
-9
Let m be (6/4)/((-6)/(-16)). Let v(g) = -4*g + g + m + 6*g. Suppose 2*f + 4 - 10 = 0. Determine v(f).
13
Let h(p) = -9 + p**3 + 5*p + 0*p + 2*p**2 + 6*p**2. Suppose r - 2*z = -3*r - 18, 2*z = r - 3. Let a be h(r). Let m(y) = -y**2 + 4*y + 5. Give m(a).
0
Let q(n) be the first derivative of 4/3*n**3 + 4*n - 1/2*n**2 - 1/4*n**4 - 3. Calculate q(4).
0
Let i(d) be the first derivative of d**4/4 + 2*d**3/3 - d - 7. Suppose 3*r - m + 5 = 0, -3*r - 5*m = -10*m + 13. What is i(r)?
0
Suppose 3*p = 7*p. Let c(j) = j + 4 + 3 